x**2 + 395*x - 36284. Give a(147).
172
Let f(y) = -980*y + 13737. What is f(14)?
17
Let m(v) = -90*v**3 + 159*v**2 + 39*v - 74. Determine m(2).
-80
Let u(i) = 57*i**2 + 300*i - 282. Give u(-6).
-30
Let y(b) = -b**3 + 51*b**2 - 443*b + 34. Calculate y(40).
-86
Let m(y) = -2077*y**2 + 49838*y - 34. What is m(24)?
-274
Let b(m) = -253*m**2 + 4749*m + 1119. Determine b(19).
17
Let u(l) = -l**2 + 230*l - 12928. Determine u(116).
296
Let a(t) = t**3 - 10*t**2 - 201*t + 1642. Calculate a(12).
-482
Let v(t) = 49*t**2 - 20672*t - 2532. Calculate v(422).
0
Let t(l) = 11*l**2 + 1135*l + 242. Calculate t(-103).
36
Let f(b) = 163*b + 41920. What is f(-255)?
355
Let q(g) = -g**3 - g**2 + 1773*g + 134. Determine q(0).
134
Let o(k) = 3*k**3 - 445*k**2 + 1445*k + 291. Calculate o(145).
-434
Let k(t) = 22*t**2 + 153*t - 3. Calculate k(-7).
4
Let t(l) = -l**2 - 103*l + 3469. What is t(27)?
-41
Let k(t) = 2461*t - 12259. What is k(5)?
46
Let i(w) = 2*w**2 - 157*w + 1322. Determine i(86).
2612
Let u(m) = m**3 - 222*m**2 - 664*m - 2312. Calculate u(225).
163
Let w(k) = 1212*k + 17016. What is w(-14)?
48
Let v(w) = -w**3 - 18*w**2 - 3023*w - 33098. What is v(-11)?
-692
Let s(b) = 62023*b - 5582069. Give s(90).
1
Let p(q) = -27*q**2 - 545*q + 2195. Calculate p(4).
-417
Let f(b) = 366*b**2 + 59245*b - 7603. What is f(-162)?
11
Let p(y) = 46*y**2 + 1171*y - 32. Give p(-24).
-1640
Let q(a) = 77*a**2 - 221*a - 242. Give q(-1).
56
Let v(q) = -1070*q + 46477. Calculate v(43).
467
Let q(u) = u**3 + 2525*u**2 + 7606*u + 6. Determine q(-3).
-114
Let a(g) = -40*g**2 - 1116*g + 134. Determine a(-28).
22
Let n(j) = -127518*j + 765083. Determine n(6).
-25
Let a(c) = 107*c + 8538. Calculate a(-77).
299
Let k(j) = -j**3 + 3*j**2 + 1027*j + 3015. Give k(-3).
-12
Let v(q) = -q**2 - 1003*q - 34353. Calculate v(-37).
1389
Let a(q) = 6366*q - 108199. Determine a(17).
23
Let o(x) = -x**3 - 146*x**2 - 1100*x - 16. Give o(-8).
-48
Let i(s) = -7*s**3 + 942*s**2 + 3309*s + 424. Calculate i(138).
10
Let h(i) = 797*i - 3422. Calculate h(6).
1360
Let c(g) = -4322*g - 2502. Give c(-1).
1820
Let q(g) = 12402*g + 781353. Give q(-63).
27
Let u(g) = 48633*g + 48632. What is u(-1)?
-1
Let k(q) = q**3 - 128*q**2 + 275*q + 12564. What is k(125)?
64
Let t(a) = -6*a**2 + 385*a + 2789. Calculate t(-6).
263
Let y(u) = 3690*u - 55325. What is y(15)?
25
Let i(h) = 405*h + 6694. Give i(-17).
-191
Let x(f) = -f**3 + 12*f**2 - f + 3457. Determine x(0).
3457
Let c(p) = p**3 + 142*p**2 + 684*p - 140. Determine c(-137).
-3
Let s(g) = -93*g**3 - g**2 + 2. Determine s(1).
-92
Let o(f) = -8*f**2 + 846*f - 7962. What is o(9)?
-996
Let m(p) = 5*p**2 - 539*p + 3368. What is m(6)?
314
Let d(j) = j**3 - 31*j**2 - 50*j + 808. Give d(32).
232
Let n(x) = -4853*x - 111542. Determine n(-23).
77
Let q(m) = 10*m**2 - 1216*m + 1926. Determine q(120).
6
Let t(s) = 599*s + 17210. Give t(-33).
-2557
Let l(k) = -636*k - 1111. What is l(-2)?
161
Let v(t) = 1048*t + 1017. What is v(-2)?
-1079
Let p(x) = -1344*x - 10020. Give p(-7).
-612
Let j(v) = -2*v**2 + 303*v - 1357. Give j(148).
-321
Let a(b) = -6*b**3 - 55*b**2 - 124*b - 220. Determine a(-7).
11
Let p(b) = -838*b + 467600. Give p(558).
-4
Let f(m) = 43*m**2 - 1890*m - 197. Calculate f(43).
-1960
Let y(o) = 54*o**2 - 18393*o + 47656. Calculate y(338).
-2
Let b(u) = 829*u - 218844. What is b(264)?
12
Let l(n) = n**3 + 26*n**2 - 1280*n - 73. Calculate l(-51).
182
Let s(y) = 37*y**2 + 454*y + 107. Determine s(-12).
-13
Let c(h) = 21*h**3 + 17*h**2 - 3698*h + 3679. Give c(1).
19
Let r(q) = -q**2 - 236*q + 71342. What is r(-410)?
2
Let h(s) = 50*s + 599. Give h(-6).
299
Let k(s) = s**3 - 18*s**2 - 727*s + 3105. Calculate k(4).
-27
Let k(u) = 3*u**3 + 36*u**2 + 20*u + 93. Calculate k(-12).
-147
Let n(p) = 156*p**3 - 1095*p**2 + 17*p + 37. Determine n(7).
9
Let i(q) = 365*q - 6756. Give i(18).
-186
Let z(a) = -2*a**3 - 76*a**2 + 137*a - 933. What is z(-40)?
-13
Let p(s) = 2210*s + 355801. Determine p(-161).
-9
Let k(b) = 6*b**2 + 12889*b - 754144. What is k(57)?
23
Let b(g) = 2*g**3 - 40*g**2 - 99*g + 2036. Give b(20).
56
Let i(s) = 3*s**2 + 592*s + 28285. Determine i(-116).
-19
Let g(j) = -j**3 + 142*j**2 + 1356*j - 609. What is g(151)?
-1062
Let y(c) = -5*c**3 - 2040*c**2 + 44*c + 17931. Give y(-408).
-21
Let g(r) = -13*r**2 + 280*r - 3291. Determine g(9).
-1824
Let g(v) = -51*v**2 - 22*v + 250. Calculate g(4).
-654
Let t(b) = -88137*b + 264751. Calculate t(3).
340
Let r(p) = -19*p**2 + 288*p + 707. Determine r(18).
-265
Let c(o) = 309765*o + 15488235. Give c(-50).
-15
Let q(b) = -5*b**2 + 290*b + 18243. What is q(96)?
3
Let d(q) = 4*q**3 - 4*q**2 + 10*q + 4. What is d(2)?
40
Let q(v) = v**3 + 2546*v**2 - 95573*v + 47. Determine q(37).
-27
Let w(o) = -2*o**2 - 52395*o - 9831211. What is w(-189)?
2
Let z(l) = 4*l**3 + 9*l**2 + 70*l + 52. Give z(-4).
-340
Let g(p) = -836*p + 24514. Determine g(29).
270
Let v(w) = -18*w - 1605. Determine v(7).
-1731
Let w(l) = 65*l**2 + 546*l + 284. Give w(-8).
76
Let p(z) = z**2 - 329*z - 23373. Calculate p(-60).
-33
Let d(t) = -3*t**2 + 1648*t - 13537. Calculate d(541).
-12
Let u(b) = -7665*b + 284161. Give u(37).
556
Let z(k) = 2217*k - 37712. Give z(17).
-23
Let f(i) = 65*i - 12348. Determine f(138).
-3378
Let h(k) = -90*k**2 + 301*k + 1711. Calculate h(-3).
-2
Let a(q) = 36*q**2 - 1188*q - 1228. Calculate a(34).
-4
Let o(n) = 723*n + 7521. Give o(-9).
1014
Let t(n) = 2*n**3 - 198*n**2 - 4458*n + 456068. Calculate t(98).
-24
Let s(n) = -n**3 - 67*n**2 - 564*n - 5420. Determine s(-59).
8
Let m(t) = -29104*t + 262016. Calculate m(9).
80
Let g(v) = -5*v**2 - 3137*v - 34989. Determine g(-616).
123
Let x(v) = v**3 + 369*v**2 + 26019*v - 3021. Determine x(-274).
-7
Let n(p) = 17949*p - 107684. Determine n(6).
10
Let c(s) = 746*s - 39541. Give c(53).
-3
Let f(r) = -43*r**2 - 1517*r - 2963. Calculate f(-2).
-101
Let k(b) = 22*b**2 - 412*b + 650. Calculate k(17).
4
Let f(c) = -c**3 + 20*c**2 + 312*c - 80. What is f(-10)?
-200
Let j(n) = 26723*n + 133956. Determine j(-5).
341
Let f(t) = t**3 + 59*t**2 + 418*t - 318. Determine f(-9).
-30
Let o(x) = 26195*x - 131010. Calculate o(5).
-35
Let o(k) = k**2 - 633*k - 59417. What is o(-83)?
11
Let f(d) = -1505*d + 3382. What is f(2)?
372
Let y(r) = -r - 211. What is y(24)?
-235
Let h(v) = 100*v + 7374. Determine h(-74).
-26
Let j(a) = -21*a**2 - 2189*a + 23951. Give j(10).
-39
Let p(s) = -1359*s + 30906. Calculate p(23).
-351
Let m(o) = 109707*o - 877652. Give m(8).
4
Let w(z) = -4*z**2 - 1091*z - 28990. What is w(-243)?
-73
Let f(d) = -d**2 - 64*d + 4235. What is f(50)?
-1465
Let o(a) = -a**2 + 16030*a + 192471. Give o(-12).
-33
Let b(n) = -195*n + 2902. Calculate b(18).
-608
Let u(g) = -g**3 + 78*g**2 - 751*g - 466. Determine u(12).
26
Let a(y) = -y**2 + 6580*y + 26338. Give a(-4).
2
Let h(z) = -27*z**3 - 10265*z**2 - 1907*z - 2647. What is h(-380)?
13
Let j(k) = 2523*k - 12344. Calculate j(5).
271
Let o(d) = -17*d**2 - 3909*d + 3897. Determine o(1).
-29
Let v(i) = -29*i**2 - 3*i - 412. Give v(0).
-412
Let a(x) = -31696*x**2 - 158479*x - 1. Determine a(-5).
-6
Let d(g) = -11*g**3 + 71*g**2 - 36*g + 30. Calculate d(6).
-6
Let u(o) = -447266*o + 2236322. Calculate u(5).
-8
Let h(f) = 2068*f + 647270. Determine h(-313).
-14
Let d(v) = -936*v - 247253. Give d(-264).
-149
Let s(g) = -62632*g - 125322. Give s(-2).
-58
Let j(r) = -2198*r + 87921. Determine j(40).
1
Let w(c) = -2*c**2 - 155*c - 2960. What is w(-40)?
40
Let t(o) = -3193*o + 22488. Give t(7).
137
Let t(c) = 14*c**2 - 3109*c + 24175. What is t(214)?
-7
Let n(k) = 1611*k + 68344. What is n(-42)?
682
Let b(p) = 1832*p + 124586. Determine b(-68).
10
Let b(s) = -s**2 - 311*s + 4804. Give b(15).
-86
Let p(k) = k**3 - 45*k**2 + 50*k + 73. Give p(2).
1
Let d(m) = -m**3 - 13*m**2 + 103*m + 1387. Give d(-15).
292
Let n(r) = 1538*r - 913581. Determine n(594).
-9
Let l(w) = -196*w + 3280. What is l(10)?
1320
Let w(o) = 3706*o - 526257. Give w(142).
-5
Let z(s) = -14*s**3 + 583*s**2 + 1748*s - 7. Give z(-3).
374
Let o(w) = 4*w**3 + 137*w**2 - 267*w - 5731. Give o(-35).
-61
Let b(l) = -70*l + 1333. Calculate b(18).
73
Let d(w) = -220862*w + 1766891. Calculate d(8).
-5
Let j(i) = -305*i**2 - 1510*i + 58. Determine j(-5).
-17
Let o(q) = -135324*q - 270660. Determine o(-2